440. Suppose -5*d = f - p, 2*f - 241 = -d - 0*d. List the prime factors of d.
3, 7, 11
Suppose -a = -4*c - 4627, 5*c + 1599 - 15497 = -3*a. What are the prime factors of a?
11, 421
Let u = -114978 + 172456. What are the prime factors of u?
2, 29, 991
Let d be 19 - -2*1 - 0. Let p(m) = 3*m**2. Let f(x) = -19*x**2 + 17*x + 3. Let k(h) = -f(h) - 6*p(h). List the prime factors of k(d).
3
Suppose 0 = 4*u - 5*j - 21949, 2*j - 10010 = -2*u + 978. List the prime factors of u.
17, 19
Let b be (-58)/10 + 4/(-20). Let k(m) = -3*m + 2 + 3 - 12*m - 23 - 12. List the prime factors of k(b).
2, 3, 5
Let r(b) = 88*b + 13. Let o be r(-4). Let d = o - -756. List the prime factors of d.
3, 139
Let i = -459 - -263. Let k = 420 + i. What are the prime factors of k?
2, 7
Suppose -15942 - 3606 = -4*u. What are the prime factors of u?
3, 181
Let o(b) = -46*b + 21. Let a(d) = 3*d - 1. Let g(v) = 44*a(v) + 4*o(v). List the prime factors of g(-4).
2, 31
Let b = -1623 - -2655. Suppose -3*u + 594 = -b. List the prime factors of u.
2, 271
Suppose 0 = 5*c - 5*r - 28420, -3*r + 2722 = 3*c - 14342. List the prime factors of 13/(-91) + c/14.
2, 7, 29
Suppose 3*n - 144 = 12*n. Let k = 39 + n. Suppose k*b - 335 = 18*b. What are the prime factors of b?
67
Let x(p) be the second derivative of 3*p**3/2 - 65*p**2/2 - p - 1. Let c be x(6). Let n = c - -142. What are the prime factors of n?
131
List the prime factors of 10 - 1 - (-317798)/26.
2, 11, 139
Suppose 40*b - 39*b = 5*q - 4627, -2763 = -3*q + 5*b. List the prime factors of q.
2, 463
List the prime factors of -35 + 34 + 4428/2.
2213
Let p = 4476 + -2045. List the prime factors of p.
11, 13, 17
Let b = -60 + 62. Suppose 3*p + 8 = 5*p. Suppose b*i = -p*i + 378. List the prime factors of i.
3, 7
Let i(m) = -m**3 + 29*m**2 - 79*m - 31. List the prime factors of i(11).
2, 3, 71
Suppose 0 = 5*a - m - 83, -4*m - 37 = -3*a + 6. Suppose -4*f = -a*f + 26. Suppose 11*g = f*g + 1341. What are the prime factors of g?
149
Let c(v) = 18*v**2 - 3*v - 74. List the prime factors of c(-12).
2, 1277
Let h be -11 + 476/42 - (-41)/3. What are the prime factors of h/77 - 5/((-110)/5958)?
271
Suppose 5*j = -266 - 259. Let a(u) = -u**3 - 10*u**2 - 44*u + 13. Let v be a(-7). Let o = v + j. List the prime factors of o.
3, 23
Let s = -3041 + 11479. What are the prime factors of s?
2, 4219
Let u = 15828 - 7917. What are the prime factors of u?
3, 293
Suppose -z = -88 + 86. Suppose 0 = 5*c - 20, 2*y - 2*c - 78 = z*c. What are the prime factors of y?
47
Let f(x) = 43*x**2 + 32*x - 110. What are the prime factors of f(-13)?
3, 7, 107
Suppose -5*r + 5*o = 1415, 0 = -o - 1 - 1. What are the prime factors of (-2)/(-5 + 6 + r/279)?
3, 31
Let d be (-6)/(-3) + (-5 - -22). Suppose -c + d - 5 = 4*u, 0 = 3*u + 3*c - 6. List the prime factors of u/6 + 696/9.
2, 3, 13
Let l be ((-2 - 3) + 5)/(-3). Suppose 47 = 2*x + 3*n, -x - 2*n + 12 + 13 = l. Suppose x*a = 18*a + 170. What are the prime factors of a?
2, 5, 17
Let v = -336 + 209. Let d = 133 + v. Suppose -1317 - 57 = -d*z. List the prime factors of z.
229
What are the prime factors of 9663/(2/(-14) - (0 + (-92)/56))?
2, 3221
Suppose 5*n = -4*i + 232039, 93150 = 4*n + 3*i - 92482. List the prime factors of n.
46411
Suppose -4*z = 4, -3*c = 5*z + 274 - 4937. Suppose -p = -2*g - c, 3*g = -4*p - g + 6200. List the prime factors of p.
2, 97
Let w(k) = k**2 + 3*k + 6. Let u be w(-2). Suppose 5*j - s = u*j + 23, 71 = 4*j + 3*s. What are the prime factors of j?
2, 5
Suppose -19*h + 15634 = 5*s - 17*h, 5*h + 12527 = 4*s. List the prime factors of s.
2, 17, 23
Suppose 2*u - 42 = -20. Suppose 0*l + l = 2*d + 4, 0 = 4*l - 3*d - u. Suppose -l*c + 2*a = -50, -3*a - 105 = -c - 3*c. List the prime factors of c.
2, 3, 5
Suppose -r - 15*r + 288 = 0. Suppose 11*n = r*n - 4088. What are the prime factors of n?
2, 73
Suppose 17 = a - 2*c, -3*c - 48 = -4*a - 0*c. Suppose -78 = -5*t - 4*f, 0 = -2*t + t - 3*f + a. Let w = 41 + t. List the prime factors of w.
59
Let i(g) = 1405*g**2 + 41*g + 196. What are the prime factors of i(-4)?
2, 3, 7, 67
Let y(f) = f**3 - 19*f**2 + 309*f - 128. What are the prime factors of y(40)?
2, 17, 337
Let a(t) = 20*t - 32. Let p be a(7). What are the prime factors of (0 - -81)*684/p?
3, 19
Let v = -3669 - -8850. What are the prime factors of v?
3, 11, 157
Let s(p) = -p**3 - 18*p**2 - 19*p - 32. Let i be s(-17). Suppose 0 = -i*b + 4*b - 84. What are the prime factors of (612/(-119))/((-4)/b)?
2, 3
Let p = -161 - -95. Suppose 20*u + 153 = 17*u. Let x = u - p. What are the prime factors of x?
3, 5
Let y be 20/(-130) - 1/13*-47114. Let b = y + -2137. What are the prime factors of b?
1487
Let o(d) = d**3 - 6 - 9*d**2 + d**2 - 8*d - 3 + 0*d**2. Let a be o(9). List the prime factors of 41 + a + 3 + 4.
2, 3
Let p = 1934 - 1361. Suppose -1387 = -5*w + 3*v, 3*v = 4*w - 536 - p. List the prime factors of w.
2, 139
Suppose -4*t - 10812 = -4*b, -3*t + 8*t = 0. Let i = b + -1351. What are the prime factors of i?
2, 13
Let c = -331 + 347. Suppose -c*j + 3798 = -3770. What are the prime factors of j?
11, 43
Let l = -322 + 303. Let x(c) = c**3 + 20*c**2 - 4*c - 25. List the prime factors of x(l).
2, 103
Let v(y) = -9*y + 16*y + 75*y + 22*y**2 + 4*y**2 + 0*y**2 + 2. List the prime factors of v(-6).
2, 223
Suppose -452 - 97147 = -21*z + 91695. List the prime factors of z.
2, 4507
Suppose 2*k - 9 = 3*k. Let l be -40*(-2)/14 + (-13)/(455/(-10)). List the prime factors of ((-816)/9)/(-1) + l/k.
2, 3, 5
Suppose 92381 = 4*r - x, -3*x = -3*r + 87650 - 18353. What are the prime factors of r?
2, 3, 1283
Let n(w) be the third derivative of -92*w**4/3 - 65*w**3/6 - 189*w**2. What are the prime factors of n(-2)?
3, 7, 67
Let b = 66 - -93. Suppose -13*f - n = -8*f - b, -2*f - 4*n + 78 = 0. What are the prime factors of f?
31
Let i be (2/(-3))/2 - 68556/(-36). Suppose -5*u = 9*u - i. What are the prime factors of u?
2, 17
Let v(q) = q**3 - 12*q**2 + 13*q + 23. Let l be v(11). Suppose 4*u - 73 = -273. Let m = l - u. What are the prime factors of m?
5, 19
Suppose -3*j = 2*k + 8, -5*j = -4*k + 4 - 20. Suppose 4*f - 16 = 0, 5*o - 3*f + 3 + 4 = j. List the prime factors of 2/o*-33*2/(-3).
2, 11
Let t be 9/(-6) + 2 + 19/2. Suppose 2*u - 3*s - 2 - 2 = 0, 5*u - t = -s. List the prime factors of u + 1/(-2) + (-217)/(-2).
2, 5, 11
Let x(r) = 17664*r + 633. What are the prime factors of x(2)?
3, 11987
Let l(f) be the first derivative of -689*f**2/2 + 11*f + 103. List the prime factors of l(-1).
2, 5, 7
Suppose 0*g = -4*g + v + 25, 5*g - 34 = 4*v. Suppose g*z = 323 + 19. Let o = z - 10. List the prime factors of o.
47
Let f(d) = 13*d**3 + 18*d**2 - 30*d + 48. Let a(b) = 11*b**3 + 18*b**2 - 31*b + 47. Let q(c) = -6*a(c) + 5*f(c). What are the prime factors of q(-20)?
2, 19
Let z(f) = -f**3 + 9*f**2 - 3*f + 31. Let n be z(9). Suppose -3*g = 2*w - 3651, -11*w = n*g - 7*w - 4864. What are the prime factors of g?
23, 53
Suppose -17*s + 12*s = -150. Let r(k) = k**3 - 30*k**2 + 17*k + 77. What are the prime factors of r(s)?
587
Suppose -2*m - 5247 = -2*h + 7853, 3*m = h - 6546. List the prime factors of h.
2, 3, 7, 13
Let s(m) = 3005 + 2*m + 163*m**2 + 478*m**2 - 3002. List the prime factors of s(-1).
2, 3, 107
Let a be (-4759)/(-4) + (-1)/(-4). Suppose -4*c + 5*f + a = 4*f, 2*c + 4*f - 604 = 0. What are the prime factors of c?
2, 149
Suppose 13*z - 17*z + 44 = 0. Let a(q) = 6*q**2 - 10*q + 158. What are the prime factors of a(z)?
2, 3, 43
What are the prime factors of 311 + ((-3)/6)/(((-63)/(-30))/(-21))?
2, 79
Let g(a) = 66*a + 155. Let k(h) = 67*h + 155. Let b(m) = 4*g(m) - 5*k(m). What are the prime factors of b(-9)?
2, 11
Suppose 5073 = 5*l - x, -2*x - 13 + 17 = 0. Let u = -324 + l. What are the prime factors of u?
691
Let i = 1192 - -872. List the prime factors of i.
2, 3, 43
Suppose -3034*c = -3009*c - 475350. What are the prime factors of c?
2, 3, 3169
List the prime factors of -7 - 12/(-12) - -5484.
2, 3, 11, 83
Suppose 11*g = 25649 + 51395. Let i = g + -4985. What are the prime factors of i?
3, 673
Let r = -1 - -1. Suppose -3*g + 30 = -3*x, -3*x = -51 + 69. Suppose -93 = -v + 2*n, g*v + n + 102 - 438 = r. What are the prime factors of v?
5, 17
Suppose 4*x - 1691 - 19536 = 9245. List the prime factors of x.
2, 13, 293
Let y = -4183 - -4915. List the